(base 9) in base 3?
-11000110002
Convert -122011100002 (base 3) to base 8.
-1223554
Convert 101100111101001110 (base 2) to base 3.
100100121002
What is -382933 (base 10) in base 3?
-201110021201
Convert 100221000010012 (base 3) to base 5.
2322301010
Convert -721473 (base 12) to base 16.
-1b3f57
What is 11312303 (base 5) in base 13?
384b0
3111000 (base 7) to base 15
75583
What is 4a68bb (base 12) in base 2?
100101000011110001111
What is 1010110010200 (base 3) in base 4?
2102110221
What is -3bc96 (base 16) in base 14?
-6535c
What is -654d (base 15) in base 6?
-243144
What is -101110101011000100 (base 2) in base 10?
-191172
What is 318288 (base 13) in base 6?
40512310
What is a92312 (base 13) in base 10?
3974895
-4513152 (base 8) to base 4
-10221121222
Convert -304876 (base 9) to base 2.
-101100001000101100
Convert 4012 (base 14) to base 11.
8293
-2002101100220 (base 3) to base 9
-2071326
What is 110021022120 (base 3) in base 8?
727572
What is -100221100212 (base 3) in base 13?
-6b081
550413050 (base 6) to base 12
3361186
Convert -330424134 (base 5) to base 8.
-5326400
What is -72274a (base 12) in base 14?
-347774
3777aa (base 13) to base 7
14211014
Convert 234214403 (base 5) to base 15.
1669d8
-210203123 (base 4) to base 5
-14242343
-1534202 (base 7) to base 3
-101200120002
3506030 (base 7) to base 4
1223030111
Convert -11100111221112 (base 3) to base 16.
-234b75
-41152240 (base 6) to base 5
-300244214
Convert -1dbbe (base 15) to base 7.
-553151
What is -117110 (base 12) in base 16?
-44cdc
What is 300155 (base 7) in base 14?
1459c
Convert 51d02 (base 15) to base 4.
333111203
What is -1001551 (base 6) in base 10?
-47083
What is -130232041 (base 6) in base 4?
-21223330321
-24152015 (base 6) to base 3
-1102200011102
-14b6c5 (base 13) to base 15
-a1589
223137 (base 8) to base 2
10010011001011111
Convert 1746657 (base 8) to base 5.
112331112
1517167 (base 9) to base 3
1120121012021
Convert -c80841 (base 14) to base 16.
-673159
What is 5604310 (base 10) in base 2?
10101011000001111010110
What is -371754 (base 8) in base 13?
-46338
What is 1b11e (base 15) in base 10?
88004
What is -1010111101121 (base 3) in base 10?
-600253
Convert 62b60 (base 12) to base 9.
216610
2102210020010 (base 3) to base 16
13c215
What is 9577 (base 14) in base 4?
12102311
What is 16125 (base 12) in base 16?
7a2d
-8ec26 (base 16) to base 6
-20311050
Convert 30225002 (base 6) to base 14.
1850b8
What is -532204 (base 7) in base 16?
-1677a
Convert 141140130 (base 6) to base 15.
3b71c0
What is -1954004 (base 12) in base 13?
-114aa4a
What is 2022100120 (base 3) in base 5?
2423311
-105454255 (base 6) to base 13
-534308
What is -181bd (base 14) in base 3?
-10002022022
29314b (base 15) to base 4
13210210130
9712a (base 11) to base 3
21011202002
a5086a (base 12) to base 10
2593234
2777804 (base 9) to base 3
2212121220011
What is 3142400233 (base 5) in base 11?
3802474
730b6c (base 13) to base 12
a96963
Convert -2110212112120 (base 3) to base 9.
-2425476
1015052 (base 8) to base 10
268842
What is 1666240 (base 9) in base 16?
e2f89
What is 7ca48 (base 14) in base 3?
120102211020
What is -3772147 (base 9) in base 14?
-3b6d83
-112335534 (base 6) to base 5
-1013100422
1210010120122 (base 3) to base 11
597877
What is -112023113 (base 4) in base 15?
-1bdae
What is 130325 (base 7) in base 15?
726b
What is -1421613 (base 7) in base 5?
-22042301
What is 10110010100111001110 (base 2) in base 9?
1334506
What is -55481 (base 15) in base 2?
-1000010001010101101
What is 84656 (base 10) in base 14?
22bcc
What is -522485 (base 9) in base 11?
-1a2094
What is -2003032 (base 6) in base 15?
-1cca5
What is -63cb4 (base 14) in base 15?
-4b728
1b175 (base 13) to base 7
310333
What is -21120210002200 (base 3) in base 9?
-7523080
What is 13524005 (base 7) in base 3?
2101100120222
What is 6461476 (base 8) in base 3?
10020212012201
Convert 2248783 (base 13) to base 5.
10143414224
What is -5cacb (base 13) in base 15?
-35a1b
What is -111012221322 (base 4) in base 6?
-314324230
What is -110022020121 (base 3) in base 10?
-242206
What is -13003043 (base 5) in base 16?
-1e9d6
Convert 111112130022 (base 4) to base 5.
2413100223
Convert 138221a (base 11) to base 12.
966353
What is -1737421 (base 10) in base 15?
-244bd1
Convert 3220c (base 14) to base 15.
25d60
-446206 (base 9) to base 11
-172651
-496fc (base 16) to base 9
-507547
Convert -17a547 (base 13) to base 12.
-24797a
What is 32674 (base 14) in base 12?
5a73a
What is 1101000000111010101 (base 2) in base 11?
271445
Convert -13225521 (base 6) to base 12.
-1922a1
What is 11065721 (base 9) in base 2?
10100011100000110110111
12202211 (base 3) to base 10
4207
b7b81 (base 13) to base 7
2550341
What is 1131202202 (base 4) in base 7?
3154010
202101201210020 (base 3) to base 9
22351706
-24422040 (base 5) to base 16
-38d42
What is -76939 (base 12) in base 6?
-3210113
Convert -676a46 (base 11) to base 13.
-2b98c1
-3361766 (base 8) to base 15
-12ead6
-13475a (base 13) to base 9
-781563
-435636 (base 7) to base 11
-524a6
-12135c (base 13) to base 10
-431196
Convert -37527b (base 13) to base 10.
-1325231
Convert -22021333333 (base 4) to base 5.
-1140144044
Convert -112002222011 (base 3) to base 12.
-11487a
Convert 8154b6 (base 12) to base 16.
1ed58a
-52332a2 (base 11) to base 12
-3110469
Convert 1303162 (base 12) to base 10.
3737882
What is -2614622 (base 7) in base 2?
-1010011000011111111
What is 3337028 (base 9) in base 6?
102300042
What is 12244403 (base 7) in base 11?
6941a0
What is 172ab (base 13) in base 2?
1010110110000011
2134433 (base 5) to base 12
19404
Convert -515240015 (base 6) to base 14.
-1287191
Convert 5518353 (base 10) to base 15.
740103
-2345203 (base 7) to base 4
-1020202303
-110101011110000010100010 (base 2) to base 12
-483b602
-1100111002222 (base 3) to base 2
-10101111010101000001
Convert 40135412 (base 6) to base 13.
308702
3717a8 (base 12) to base 10
894512
What is -472a55 (base 11) in base 8?
-2672037
Convert -2247348 (base 9) to base 16.
-1280c6
-743102 (base 9) to base 6
-13245345
What is 57154424 (base 8) in base 4?
233031210110
What is -33617a (base 14) in base 9?
-3250321
What is 2ecd6 (base 15) in base 2?
100100111101101001
2223220032 (base 4) to base 8
2535016
Convert -200211000112 (base 3) to base 13.
-cc752
What is -474c0 (base 16) in base 3?
-112211121000
Convert -78e72 (base 16) to base 13.
-144539
-447264 (base 10) to base 6
-13330400
What is -201202203122 (base 4) in base 16?
-8628da
3182ab (base 14) to base 7
20142404
What is -164db6 (base 16) in base 14?
-2a0982
Convert -2148880 (base 9) to base 7.
-12546360
100202202000 (base 3) to base 11
1214a9
Convert 1522115 (base 6) to base 10.
88607
What is -4469 (base 15) in base 10?
-14499
Convert -15b996 (base 16) to base 12.
-587b32
-126633 (base 8) to base 9
-66861
What is -200303000 (base 4) in base 2?
-100000110011000000
What is 535433 (base 7) in base 8?
265765
Convert 4322430220 (base 5) to base 10.
9186310
What is 3238839 (base 13) in base 2?
111010011110000110111000
What is 8591f (base 16) in base 13?
16203b
What is -31023414 (base 5) in base 14?
-67a50
110010111010110010011 (base 2) to base 14
3160a7
-212101133 (base 4) to base 5
-20004032
Convert 1340141243 (base 5) to base 2.
1101001000101001111011
What is -c09929 (base 13) in base 7?
-53024012
What is -20301234 (base 5) in base 11?
-103645
-1549aa6 (base 12) to base 14
-80a0c6
1601851 (base 9) to base 3
1200001221201
Convert 4243736 (base 8) to base 15.
17585a
-5c146 (base 15) to base 4
-1013300130
What is -46b3b4 (base 13) in base 9?
-3142346
What is -96cc6 (base 14) in base 16?
-590be
Convert 1110000100000011 (base 2) to base 16.
e103
603f62 (base 16) to base 7
104420513
-416aa (base 12) to base 10
-85666
What is 2216352 (base 7) in base 14?
71999
Convert -1515220 (base 6) to base 5.
-10303441
Convert a8004 (base 12) to base 6.
4424004
Convert 166662 (base 7) to base 8.
101511
What is -1110110010110101001 (base 2) in base 5?
-111003102
-3212138 (base 9) to base 6
-100513312
Convert -20727 (base 14) to base 13.
-297c5
8080b7 (base 13) to base 7
34253401
What is 230123202 (base 4) in base 5?
21310421
What is 1810175 (base 12) in base 7?
60323201
Convert -302330222 (base 4) to base 7.
-1526255
What is -239038 (base 11) in base 4?
